1. Suppose -s + 4*n + 98 = m*n, 0 = -3*s - 5*n + 302. Suppose l - 330 = -4*l. What is the greatest common factor of s and l?
33
Let i be 20/(-2)*(-47224)/20. Calculate the highest common divisor of 4 and i.
4
Suppose 6*j = 335 + 61. Let b be 2*1/6 - (-20768)/j. Let a(w) = -7*w + 3. Let g be a(-6). Calculate the greatest common factor of b and g.
45
Let c be ((-4)/(-5))/(3/15). Suppose -3*l + 2*p - 15 = -c*l, 3*p - 60 = -4*l. Suppose -12*r - 32*r = -5280. What is the greatest common divisor of l and r?
15
Suppose 2*m + 3*j = -27, j + 17 = -2*m - 0*m. Let x be 3/(m/(-116))*4/8. Calculate the greatest common divisor of 29 and x.
29
Suppose -4*s + 28 = -2*v - 12, -4*v - s = 44. Let u be ((-45)/v + -3)*100. Let d = 2802 + -2772. Calculate the highest common factor of d and u.
15
Let o(q) = -2342*q + 12691. Let j be o(0). Calculate the greatest common divisor of j and 74.
37
Let u be (4/6)/(2/216*4). Suppose 2093 = u*q + 797. What is the highest common divisor of q and 48?
24
Let z be -4 + (-125 - -3) - 4. Let g be (120/(-25))/(3/z). Calculate the highest common divisor of 13 and g.
13
Let a be (-20)/(-3) - (-1)/3. Let v(f) = 21*f - 7. Suppose 5*j = 10, -7*x = -3*x - j - 2. Let d be v(x). Calculate the greatest common divisor of d and a.
7
Suppose 61*a - 201*a + 4480 = 0. What is the highest common factor of 536 and a?
8
Let l be 1 + 0 + 5/(5*4/16). Let k be 1/(-2) - (-18)/4. Let p be l/((-204)/(-360) + k/(-10)). What is the highest common factor of p and 10?
10
Let z(w) = -w**3 - 12*w**2 + 4*w - 141. Let i be z(-17). Calculate the highest common divisor of 60 and i.
12
Suppose 378 + 432 = 81*x. Calculate the highest common divisor of x and 2510.
10
Let k = 369 - 204. Calculate the highest common divisor of 275 and k.
55
Suppose 0*y + 5*y = 95. Let b = -81249 - -82142. Calculate the greatest common factor of y and b.
19
Suppose 0 = 2*s + 3*q + 13, -3*s - 7*q - 20 = -3*q. Let v be 20*-8*s/16. What is the greatest common factor of v and 32?
16
Let b = -459 - -456. Let m(a) = -65*a**2 + a - 2. Let q be m(2). Let i be (-1)/b + q/(-12). Calculate the highest common factor of i and 55.
11
Let a = 295 + -231. Suppose -a*h = -46*h - 1188. Calculate the greatest common factor of h and 3.
3
Suppose -3*k + 1677 = 10*x - 7*x, 3*k - 3*x - 1683 = 0. Calculate the greatest common divisor of k and 60.
20
Let u be 2/5 - (-29)/580*132. What is the highest common factor of 1351 and u?
7
Let o be 210/245*(-28)/(-2). Suppose 0 = 2*k - 0*h + 2*h - 72, -3*h - o = 0. Calculate the greatest common divisor of k and 160.
40
Suppose 9*t = 30*t. Let k(g) = 37*g + 54. Let y be k(t). What is the greatest common factor of 135 and y?
27
Let b = 13 - 11. Let k = b - -2. Suppose -2*d - 7 = -s, 0*s - k*d - 40 = -4*s. Calculate the highest common divisor of s and 117.
13
Let b be (-25)/3*(1 - (-38 - -2)/(-9)). What is the greatest common divisor of b and 9?
1
Suppose -34*v + 9510 = 9656 - 16602. What is the highest common divisor of 209 and v?
11
Let w = -284 + 6591. What is the highest common divisor of w and 53?
53
Let o(h) = 6*h**2 + 8*h - 17. Suppose 0*j - l + 22 = -4*j, j + 2*l = -1. Let i be o(j). What is the greatest common factor of 248 and i?
31
Suppose -20*i = -28*i + 408. Let m be (-6)/((-144)/3252) + 1/2. Calculate the highest common divisor of m and i.
17
Let s = 49 + -23. Let w(n) = -n**3 + 4*n**2 - 2*n. Let l be w(4). Let f(a) = -9*a - 7. Let k be f(l). Calculate the highest common divisor of s and k.
13
Suppose -32*b + 604 = -30*b. Suppose 5*g + 152 = b. Calculate the greatest common divisor of g and 555.
15
Let z(o) = -o**3 + 3 + 13*o**2 - 26*o**2 + 29*o - 15*o**2. Let m be z(-29). What is the greatest common divisor of 8 and m?
1
Let h(j) = 120*j + 1458. Let c be h(-12). Let o be (-4)/(-8)*2 - -3. What is the highest common factor of o and c?
2
Let g be ((-3776)/(-590))/(0 + (-2)/(-55)). Let f be ((-70)/(-4) + 1)*2. Suppose 5*v - 73 - f = 0. Calculate the greatest common factor of g and v.
22
Suppose 0 = -l - 5*z + 514, 62*l + z + 1083 = 64*l. Calculate the highest common factor of 3311 and l.
77
Let k = -8792 + 9262. What is the greatest common factor of 3478 and k?
94
Let y = 437812 + -437567. Let f = -64 - -162. Calculate the highest common factor of y and f.
49
Let h be 2/8 - (-9)/(252/(-427)). Let k(m) = -11*m - 21. Let d be k(h). Calculate the highest common factor of 96 and d.
48
Let r(v) = -22*v**2 - 271*v - 2. Let n be r(-12). Let m(k) = -k**3 + 2*k**2 + 3*k + 5. Let q be m(-3). Calculate the greatest common divisor of q and n.
41
Let r = -48 - -50. Let v be (-1280)/22 + r/11. Let m = v + 68. What is the greatest common factor of 80 and m?
10
Let j be -2*(-25)/(-10) - -166. Suppose -3*a + 126 - 30 = -3*l, 5*a - 4*l = j. Let b = 115 + 50. Calculate the greatest common divisor of b and a.
33
Let b be 7/5 - (-12)/20. Let d be 1*-3 + (-9 - -36). Suppose -18*z - 12 = -d*z. What is the highest common divisor of z and b?
2
Let d(o) = -3*o + 246. Let t be d(-6). What is the greatest common factor of t and 99?
33
Let k = 11 - 8. Let y(a) = -a**3 + 7*a**2 + 6*a + 19. Let o be y(8). Suppose n = 3*r + 12, k*n = -r + o*r + 36. What is the highest common divisor of 24 and n?
12
Suppose v = -5 + 4, 0 = 2*t - 4*v - 10. Suppose t*o - 71 = 4*s, 0 = o - 0*s + s - 12. Calculate the highest common divisor of 17 and o.
17
Let m(d) = -d**2 + 15*d - 38. Let g = 19 - 11. Let z be m(g). Suppose 0 = -z*x + 13*x + 120. What is the greatest common factor of x and 120?
24
Suppose -136*w - 1760 = -180*w. Let p be ((-2)/3)/(4/(-18)). Suppose -4*z + 3*z + 26 = 5*c, -p = -3*z. Calculate the greatest common factor of c and w.
5
Let j(n) = 75*n - 1067. Let i be j(17). What is the greatest common factor of i and 184?
8
Suppose -3*s = 2*m - 17264, 38*s - 41*s - 7*m = -17299. Calculate the highest common divisor of 40 and s.
10
Let x(j) = 38*j - 193. Suppose -33*m - 201 = -564. Let u be x(m). What is the highest common factor of 180 and u?
45
Let v(j) be the second derivative of -47*j**3 + 2*j**2 - 10*j. Let o be v(-1). What is the greatest common divisor of 22 and o?
22
Suppose 3234*y - 28 = 3230*y. What is the greatest common factor of 63 and y?
7
Let f be (188 + -60)/(3/3). Calculate the highest common divisor of f and 3904.
64
Let h be (-3)/(1016/208 - 5). Suppose -s = h - 52. Calculate the highest common divisor of 442 and s.
26
Let q = -146 + -52. Let l be (-11052)/q - 2/(-11). Calculate the highest common factor of l and 24.
8
Suppose f - 4*g - 904 = 0, 0 = 5*f - 5*g - 3170 - 1290. Calculate the highest common divisor of 24 and f.
24
Let n be (-12024)/30 + 1/(-5). Let s = 572 + n. What is the greatest common divisor of 57 and s?
57
Let v(p) be the second derivative of -p**5/20 + p**4/6 + 2*p**3/3 + 62*p. Let w be v(3). Let m = 9 - 4. What is the greatest common factor of m and w?
1
Suppose -p + 2231 = -24*p. Let s = p - -136. Calculate the greatest common divisor of 169 and s.
13
Suppose 3*h + 2*l = 5, -7*h = -6*h + l. Suppose 0 = h*z + 23 - 93. What is the greatest common factor of 14 and z?
14
Suppose -4*c + 4 = 0, 0 = -7*t + 5*t + 2*c + 8. Suppose -42*s + 4053 = -12957. Calculate the highest common factor of t and s.
5
Suppose 1160 + 2704 = 6*i. Suppose 64 = 21*s - 419. Calculate the highest common divisor of i and s.
23
Suppose 5*b = 5*o + 54 + 101, 5*o + 125 = -5*b. Let p be (1/4 - 5257/o) + 2. Calculate the highest common factor of 20 and p.
10
Let q(z) be the third derivative of 3*z**4/4 - 68*z**3/3 + 22*z**2 - 5*z. Let k be q(8). What is the highest common divisor of k and 216?
8
Let j = -44915 + 46403. Calculate the greatest common divisor of j and 24.
24
Let r(j) = -j**3 - 10*j**2 - 22*j - 407. Let g be r(-12). Calculate the highest common divisor of g and 319.
29
Let v = -95 - -98. Let q be 10/v*((-882)/28)/(-21). Calculate the highest common factor of q and 5.
5
Suppose -67*t + 77997 = -94*t + 208920. What is the greatest common factor of 65 and t?
13
Let x be 13/((-676)/(-33761)) - 15/12. What is the highest common factor of 672 and x?
24
Suppose -16*k + 65 = -15*k. Suppose -q - 2*l = 4*q - k, -58 = -3*q - 5*l. What is the highest common divisor of q and 110?
11
Let v(p) = -17*p + 4. Let u be v(-7). Let r = u + 130. Calculate the highest common divisor of 11 and r.
11
Let 